rs of b.
2, 11, 31
Suppose 0 = -19*u + 1926 - 216. What are the prime factors of u?
2, 3, 5
Let m(g) = 34*g**2 - 5*g - 18. What are the prime factors of m(4)?
2, 11, 23
What are the prime factors of 35/10*-1*-2 + 5019?
2, 7, 359
Suppose 4*f - 4*d = 392, 184 = 2*f - 0*d + d. Suppose 0*c + f = c. What are the prime factors of c?
2, 47
Let j(z) = -z**3 + 17*z**2 + 5*z - 20. What are the prime factors of j(14)?
2, 11, 29
Let m = 569 - 263. List the prime factors of m.
2, 3, 17
Let q be (2/(-6) - (-4010)/15) + -1. Let g = -181 + q. What are the prime factors of g?
5, 17
Let o(x) = -2*x**2 - 9*x - 6. Let r be o(-6). Let b = -22 - r. Suppose -78 = -2*z - f + 5*f, 2*z - b*f = 78. List the prime factors of z.
3, 13
Let f = -101 - -209. Suppose -f = -3*v + 39. List the prime factors of v.
7
Let t(m) = -27*m - 68. Let j be t(-7). Suppose r - j - 14 = 0. What are the prime factors of r?
3, 5
Let a(b) = 11*b**3 - 2*b**2 - 32*b - 7. List the prime factors of a(7).
2, 3, 7, 41
What are the prime factors of (72/(-48))/(3/(-2312))?
2, 17
Suppose 3*o + 9*o - 60 = 0. Suppose 2*j + 0*j = 176. Suppose 8 = z + s + 2*s, -3*s = o*z - j. What are the prime factors of z?
2, 5
Suppose -4*o + 0*y - 5*y + 35 = 0, 0 = 5*o + y - 28. Suppose 120 = o*n - 40. What are the prime factors of n?
2
Suppose -3438 = -9*c + 171. What are the prime factors of c?
401
What are the prime factors of (1743 - 12)*24/18?
2, 577
Let o = -8 + 13. Suppose 4*m + o*h = 13 + 22, -4*h - 44 = -4*m. Suppose -2*v = -m - 60. List the prime factors of v.
5, 7
Let h(p) = 12*p + 62. Let i be h(-16). Let f = i - -353. List the prime factors of f.
223
Let i(w) = -w**2 + 7*w - 9. Let z be i(4). Suppose 107 = 2*j + 3*m, 139 = z*j + m - 39. Suppose 0 = -5*a - j + 266. What are the prime factors of a?
41
Let w = -604 + 636. List the prime factors of w.
2
Let z(m) = 7*m - 38. Let g be z(-8). Let y = 11 - g. What are the prime factors of y?
3, 5, 7
Let x(l) = 2*l**3 + l**2 + 2*l - 4. Let q(c) = -c**3 + c**2 - c + 1. Let p(u) = 3*q(u) + x(u). Let h be p(4). List the prime factors of (h/2 - -4)*36.
2, 3
Suppose -2 - 14 = -2*d. Suppose 3*f + 3*r = d*f - 745, 0 = f - 5*r - 171. Suppose g + g = f. List the prime factors of g.
73
Let r be (-537)/(-11) + 10/55. Suppose -50 = m + 4*g, -4*m + 0*g - 140 = g. Let i = m + r. What are the prime factors of i?
3, 5
Suppose 31*k = -h + 28*k + 1527, -4589 = -3*h - 5*k. What are the prime factors of h?
3, 7, 73
Let v(s) = s. Let p be v(2). Suppose p*a - 6 = h, -4*a = -3*h - 6 - 4. Suppose 3*u + 18 = -2*y + a*y, -2 = u. What are the prime factors of y?
2, 3
Suppose 0 = 2*h + 5*i - 464, -3*i + 162 = 4*h - 794. List the prime factors of h.
2, 11
Suppose 3*u - 197 = 4*u. Let t = u + 331. List the prime factors of t.
2, 67
Suppose 25 = 3*o + 4. Suppose -o*f + 108 = -193. What are the prime factors of f?
43
Suppose -f = 12 - 25. Let u = f + -17. List the prime factors of 6/8 + (-165)/u.
2, 3, 7
Let m be (6/(-9) + 3)*9. What are the prime factors of 5/(m/6 - 3)?
2, 5
Let n be ((-8)/(-12))/(2/6). Suppose -n*c = -43 - 65. List the prime factors of c.
2, 3
Suppose 5*d - 865 = -2*k, 0 = 4*k + 5*d - 1373 - 342. What are the prime factors of k?
5, 17
Suppose 5*j - 265 = -2*w + 80, 0 = 4*w + 3*j - 683. Suppose -5*t - 5 = -w. What are the prime factors of t?
3, 11
Let n(h) = 14*h + 49*h**2 - 18*h**2 - 14*h**2 - 18*h**2 + 5. Let q = -15 + 25. List the prime factors of n(q).
3, 5
Let z(l) = -l**3 + 21*l**2 + 36*l + 29. What are the prime factors of z(21)?
5, 157
Suppose -5*x + 24 = 3*l - 8, -3*l + 24 = 3*x. Suppose v + 20 = 5*g - l*v, 5*g + 3*v + 12 = 0. Suppose g*w + 16 = 2*w. List the prime factors of w.
2
Let a(s) = 2*s**2 - 28*s - 129. What are the prime factors of a(19)?
61
Suppose 0 = -4*o + o + 3. Suppose -91 = -f - 5*u, -u = -2*u - o. Suppose -3*j + 3*v + f = 0, -2*j = -j + 4*v - 27. List the prime factors of j.
31
Suppose -3*n = 50 - 704. Suppose 33*g = 34*g - n. List the prime factors of g.
2, 109
Let f(l) = -73*l**3 + 2*l + 1. Let o(a) = -4*a - 5. Let k be o(-1). What are the prime factors of f(k)?
2, 3
Let d(y) = -y**3 - 11*y**2 - 17*y + 12. Let a be d(-9). Suppose 1 = s + 2, -a*s = -3*h + 174. What are the prime factors of h?
3, 19
Suppose -4*p - 12 = -4*b, -2*b = -5*p - b - 3. Let q be 6/15*(5 - p). Suppose -q*s + 33 = -s. List the prime factors of s.
3, 11
Let x be 36/1*66/(-9) + -4. List the prime factors of 2 + -3 - (-1 - (6 - x)).
2, 137
Let b(r) = -r**3 - 4*r**2 + 4*r - 20. Let t be b(-6). Let j = t - -64. What are the prime factors of j?
2, 23
Suppose -u = -12*z + 16*z - 1322, 0 = 5*u - 3*z - 6541. What are the prime factors of u?
2, 5, 131
Suppose 5*r + 0 = 10. Suppose h - 4 = 2*t, 3 = -r*t - 1. List the prime factors of 6*(-26)/(-6) - h.
2, 13
Let s = -19 + 32. Suppose z - 55 = 4*d - s, -4*d = -4. List the prime factors of z.
2, 23
Let i(n) = -n**2 + 7*n + 2. Let z be i(7). What are the prime factors of 60 - (-4)/(-1) - z?
2, 3
Suppose 5*b - 739 = 211. Let z = 152 - 77. Suppose 5*l - b = -z. List the prime factors of l.
23
Suppose -9 - 7 = -4*z. Let l(n) = n**2 + 4*n - n + 0*n**2 - z*n. What are the prime factors of l(-6)?
2, 3, 7
Suppose -q - 2*q = -18. Suppose 4*z + 10 = q*z. Suppose 2*r + 280 = z*x + r, 0 = -x + r + 60. List the prime factors of x.
5, 11
Suppose -4*t - 2*j + 21026 = 0, -5*t - 690*j = -695*j - 26275. What are the prime factors of t?
2, 3, 73
Suppose 0 = -3*d + 6*d - 111. Let o = 154 - d. Suppose -2*w + o = w. What are the prime factors of w?
3, 13
Suppose 0 = 6*c - 4 - 104. What are the prime factors of (-12)/c + (-485)/(-3)?
7, 23
List the prime factors of (-16 + 32)*23/2 + 1.
5, 37
Let g = -2278 - -4336. What are the prime factors of g?
2, 3, 7
Suppose 5*h - 58 - 11 = -3*o, -2*o = -h - 46. Suppose c + 20 = o. List the prime factors of c.
3
Let f(z) = -4*z + 17. Let u be f(-10). Suppose 2 = 2*h, -5*h = 2*j - u + 6. What are the prime factors of j?
23
Let b = -143 + 876. List the prime factors of b.
733
Let u be (-54)/12*(-4)/2. Let i(f) = f**2 - 10*f + 10. Let o be i(u). What are the prime factors of o*-1 - (-6 + -33)?
2, 19
Let h = 9 - 3. Let j = h - -7. Let b = j - 9. List the prime factors of b.
2
Let v be (-268)/(-52) + 6/(-39). Suppose -5*h + 172 = c, h = -v*c + 766 - 26. Let d = -104 + c. List the prime factors of d.
43
Let j(o) = 15*o**2 - 5*o + 3. List the prime factors of j(-6).
3, 191
Let h = 2536 + -1397. What are the prime factors of h?
17, 67
What are the prime factors of -11*(-12 + (0 - 0/1))?
2, 3, 11
Suppose 9*d = 9986 + 4810. What are the prime factors of d?
2, 3, 137
Let y(g) = g**3 + g**2 - 2*g - 3. Let m be y(-2). Let q be 200/56 - 3/(-7). What are the prime factors of ((-60)/m)/(q - 2)?
2, 5
Suppose 3*g - 7 = -0*g + 2*j, 8 = g + 5*j. Let s be 0 - -1*(7 - g). Suppose s*b - 132 = 4*w, -5*b = -0*b - w - 157. List the prime factors of b.
31
What are the prime factors of 9230/6 + (-9)/((-27)/2)?
3, 19
Let a = -65 - -65. Suppose 0 = 4*b - a*b - 168. What are the prime factors of b?
2, 3, 7
Let j(g) = 6*g + 53. What are the prime factors of j(11)?
7, 17
Suppose 2*s = s + 2. List the prime factors of 5 + (s - 5) - -113.
5, 23
Let a(p) = 27*p**2 + 42*p + 10. What are the prime factors of a(8)?
2, 17, 61
Let u = 14 - 9. Let l(b) = -b**3 + 5*b**2 + b - 3. Let m be l(u). Suppose 0 = -m*f - 2*f + 36. List the prime factors of f.
3
Let i(m) = 10*m**2 - 34*m - 388. List the prime factors of i(-20).
2, 29, 37
Suppose 49*w - 10*w = 44772. List the prime factors of w.
2, 7, 41
Let u be (-1*(0 - 0))/(-12 + 13). Let n = 173 + -73. Suppose 5*p - n = -u*p. What are the prime factors of p?
2, 5
Let f(y) = -5*y**3 + 9*y**2 - 16*y - 12. Let r(u) = -u**3 - u - 1. Let q(h) = -f(h) + 6*r(h). Let n = 653 + -663. List the prime factors of q(n).
2, 3
Suppose 5*w + 5*q = -8 - 27, -10 = 2*q. What are the prime factors of (-13 - 2)/(w*3/6)?
3, 5
Suppose 5*p - q = 7808, p = -3*p + 5*q + 6238. What are the prime factors of p?
2, 11, 71
Suppose l - 4*v - 2 = 2, 12 = 3*l + 2*v. Let m = 79 + -45. Suppose c - l*f = 7, -2*c - 5*f = -3*f - m. What are the prime factors of c?
3, 5
List the prime factors of (-4 + (-28)/(-8))/((-3)/2748).
2, 229
Suppose -2*q = -2*w + 558, -q - 845 = -3*w - 2*q. What are the prime factors of w?
281
Let p(g) = 2*g - 4. Let r be p(4). Suppose 3*